the greatest common divisor of 96 and y?
3
Suppose 45285 - 3544 = 67*y. Suppose -2*t + y = -2*l - 127, -2*t + 762 = 4*l. Calculate the greatest common divisor of 29 and t.
29
Suppose -4*z - 58 = -570. Let t = z - 117. What is the greatest common factor of 319 and t?
11
Suppose -12 = -l - 8. Suppose -t - 2*t + 232 = -5*z, 340 = l*t + z. What is the highest common divisor of t and 924?
84
Suppose -3*c + 3*u = -4887, 5*u - 3406 = -2*c - 120. What is the highest common divisor of c and 115?
23
Suppose -9816*v - 1066 = -9829*v. Calculate the highest common factor of 64 and v.
2
Let z be (2 + -1 - -41)*(963/18 + -11). What is the highest common factor of z and 70?
35
Suppose 7115 = 2*q + 4*b - 149, 0 = q + 5*b - 3620. What is the greatest common factor of 80 and q?
40
Let u = 4221 + -3446. What is the greatest common divisor of u and 200?
25
Suppose -26*j - 20 = -21*j, 2*t - 4860 = -3*j. What is the greatest common divisor of 522 and t?
174
Suppose -32*u = -2*r - 27*u - 10, 0 = 6*r - 5*u - 10. Suppose 3*t + t + 40 = 0. Let p be 6/t*(-1 + -24). Calculate the greatest common divisor of r and p.
5
Let w(g) = -g**2 - 5*g + 8. Suppose -y = -1 + 7. Let i be w(y). Let l be (11 + 1)*-1*(1 - i). What is the highest common divisor of 12 and l?
12
Let i be -8 - ((-30)/5 + 8). Let b be i/(-3 + (-545)/(-190)). Calculate the highest common divisor of b and 16.
4
Let j = -16 + 28. Let m = 324 - 84. Let t be (1/(-1))/((-8 - -4)/m). What is the greatest common factor of j and t?
12
Let h be 1507626/234 - (-7*9/(-13) - 5). What is the highest common factor of 17 and h?
17
Suppose 130 = 23*t - 18*t. Let b = -161 + 577. Suppose 0 = -k - k + b. What is the greatest common factor of k and t?
26
Let c be (3/((-36)/246))/((-2)/36). Suppose -4*q = -10 - 26. What is the greatest common factor of c and q?
9
Let s be 120/160 + 9/4. Suppose s*k = 2*a + 206, -5*k = 5*a - 184 - 201. What is the highest common factor of k and 9?
9
Suppose 71*h - 45*h = 38*h - 2508. What is the greatest common factor of h and 532?
19
Let k be (0/(-2) + -446)/(-2) - 0. Let m = -193 + k. What is the highest common factor of m and 90?
30
Let u = -7027 + 7555. What is the greatest common factor of u and 15?
3
Let a = 190 + -190. Suppose -4*n + a*n - 54 = -3*w, 5*w - 5*n = 90. What is the highest common factor of w and 45?
9
Suppose -5*m - a = -60, -a + 34 = 3*m - 0*a. Let o be m/(13/6) + 144. Calculate the greatest common factor of 75 and o.
75
Suppose 62 + 38 = 4*t - 3*g, 3*g = 0. Let z be (-10)/25 - (-310)/t. What is the greatest common divisor of 21 and z?
3
Let m be (3 + -3 - -1)*5. Suppose 9*d - m*d = 36. Let k = -188 + 269. What is the highest common divisor of d and k?
9
Let k be (-814)/(-12) - 98/(-84). What is the highest common divisor of 4899 and k?
69
Suppose -5*w - 307 = 63. Suppose 0 = 24*o + 946 + 1262. Let v = w - o. Calculate the greatest common divisor of 45 and v.
9
Suppose -33*q - 120 = -37*q. Suppose 5*v - 3*n - 35 = 40, 2*v = n + q. Calculate the highest common divisor of 45 and v.
15
Suppose -1442 = -60*q + 838 + 1020. What is the highest common divisor of 66 and q?
11
Suppose -4*l - 113 = -3*t, 19 = -3*t - 3*l + 97. Let f be -7 + 0 + 0 + t. What is the highest common divisor of f and 162?
6
Let q be 6254778/259869 + (0 - (-2)/(-29)). Suppose 0 = f - x + 6*x - 14, -16 = -f - 4*x. Calculate the highest common divisor of f and q.
24
Let o = 1235 + -676. Let x = o - 447. Calculate the greatest common divisor of x and 32.
16
Let x be ((5/(-2))/(-5))/((-3)/(-306)). Suppose 345*n = 350*n - 45. What is the greatest common divisor of x and n?
3
Let s = 0 + 1. Let y be ((-42)/12)/(12/(-8) + 1). Suppose y*m - 12*m - 3*x = -25, -5 = -m + x. What is the highest common factor of s and m?
1
Let l(a) = a**2 - 6*a + 2. Let c be l(-6). Let g = 49 + 62. What is the greatest common divisor of g and c?
37
Let w be 1*34*1/1. Let f = 743 + -278. Let s = f - 261. What is the greatest common divisor of s and w?
34
Suppose -64 = -2*z - 2*o, 4*o + 116 = 3*z + 2*o. Suppose 3*i - z = 105. Let v = 74 - i. What is the highest common divisor of v and 72?
9
Let f = 31 + -13. Let r(j) = j**3 - 16*j**2 + 52*j - 32. Let m be r(12). Suppose 5*y = -m*y + 1134. Calculate the highest common divisor of y and f.
18
Let k be ((-57)/18 - -4)*6. Suppose -t = 5, -k*n - 2*t = 2*t + 195. Let f = 45 + n. Calculate the highest common divisor of f and 20.
10
Let j be -27*(118/(-6) + -4). Calculate the greatest common divisor of j and 27.
9
Suppose -b - 3*n = -2*n - 1, -2 = -n. Let v be (b - -2)/(2/2). Suppose -419 = -5*w - 414. What is the highest common factor of w and v?
1
Let b be (-6 + 4)/(1/3). Let r(o) = -5*o - 26. Let l be r(b). What is the highest common divisor of 36 and l?
4
Suppose -2*y - 5*q = -89, 17*y - 13*y - 5*q = 253. Calculate the greatest common factor of 2451 and y.
57
Let f = -12570 + 14706. Calculate the greatest common divisor of f and 89.
89
Let m be ((-40)/3)/((12/(-9))/2). Suppose -3*l + 0*i + 50 = -5*i, 5*i = l - m. Let r = 66 + 129. Calculate the highest common factor of r and l.
15
Let t = -64 + 28. Let h(z) = 3*z + 130. Let i be h(t). What is the highest common factor of 418 and i?
22
Let b be 19/8 - 327/872. Suppose b*i - 32 = 4*k, 2*i - 6*i + 5*k = -70. What is the highest common factor of i and 12?
4
Let s = -20935 - -20977. What is the greatest common divisor of s and 1290?
6
Let y be (5508/(-3213))/(2/(-4116) + 0). Calculate the greatest common divisor of 360 and y.
72
Let j be 0 - (2 + 3 - -64). Let n = 81 + j. Calculate the greatest common divisor of n and 8.
4
Let g(d) = 12*d - 121. Let c be g(13). What is the greatest common divisor of 440 and c?
5
Suppose 3*c = -5*g + 3*g + 20, 4*c = g + 12. Suppose 3*m = -c*t + 190, t = 11*m - 12*m + 47. What is the highest common divisor of 245 and t?
49
Let c = 757 + -667. Let j be 2 + (-33)/(-5) + (-54)/c. Let s be (-2)/3 - (-98)/3. What is the highest common factor of s and j?
8
Let t(i) = -52*i + 12. Let r be t(-12). Suppose 5*p = 2*p - 3*u + 24, -5*u = 20. Calculate the greatest common factor of r and p.
12
Suppose 243*z - 7884 - 109402 + 17170 = 0. Calculate the highest common factor of 9167 and z.
103
Suppose -8*f + 630 = -1626. Suppose 3*p - 5*g = -401, -146 = p - g - 9. Let l = p + f. Calculate the highest common divisor of l and 20.
20
Let h be (-29 + 29)/(-1 + 5). Suppose -3*g = -4*z - 62, h = -4*g - 5*z + 105 - 43. Calculate the highest common factor of g and 6.
6
Let n be 51 + (1 - -3) + -3. Let v = 24 + n. Suppose 6*t - 10*t = -v. Calculate the highest common divisor of 171 and t.
19
Let b(u) be the second derivative of -2*u**3 + 31*u**2/2 - 201*u. Let p be b(0). Calculate the highest common divisor of p and 1.
1
Let n = 885 - 1070. Let t = n + 275. What is the highest common factor of t and 630?
90
Suppose 66 = u - 24. Suppose 2*h = 2*g + 332, 4 = 31*g - 33*g. Let d = h + -155. What is the greatest common factor of d and u?
9
Suppose 0 = -4*l + 8*l - 96. Suppose 272 = 2*s - 4*d, 6*s - 10*s - 4*d + 544 = 0. Calculate the greatest common divisor of l and s.
8
Let c be (5/4 + (-9)/24*-2)*1. Suppose 4*v - 72 = -2*f, 2 = v - 5*f + 6. Calculate the highest common divisor of c and v.
2
Suppose 2917 + 223 = 157*k. Calculate the highest common factor of k and 5960.
20
Let c(j) = -j + 76. Let k be c(-8). Let t = k + 231. Calculate the highest common factor of 90 and t.
45
Suppose 120*b - 117*b = -1515. Let x = -345 - b. What is the highest common factor of x and 8?
8
Let y be ((-4)/(-8))/((-2)/(-1232)). Suppose 6*i = 8*i - y. Suppose b - 55 + 33 = 0. What is the greatest common divisor of i and b?
22
Suppose -3*l + 434 - 365 = 0. Calculate the highest common factor of l and 713.
23
Suppose 10*q - 3*q - 7625 = -18*q. Calculate the greatest common factor of 25 and q.
5
Let x = 6541 + -574. What is the highest common factor of x and 442?
221
Let b(c) = c**2 - 7*c + 9. Let h(w) = -w + 1. Suppose 8 + 37 = -9*n. Let g be h(n). Let x be b(g). What is the greatest common divisor of x and 1?
1
Let r be (6/8)/((-69)/552)*8/(-3). Calculate the highest common factor of r and 23.
1
Let y = -1314 + 1313. Let v(h) = -44*h + 0 - 4 - 31*h + 5. Let t be v(y). Calculate the greatest common divisor of 114 and t.
38
Suppose -2*k = 4*z + 68, 4*k - 3 = -11. Let j be 